, 31
Let r be (2*-5)/((-4)/2). Suppose 2*f + r*c = f + 17, 0 = -3*f + 5*c - 9. Let l(t) = 7*t**2 - t + 3. List the prime factors of l(f).
29
Suppose 2*h - 3*i = -15, -h - 7 = -i - 2. Suppose h = 5*y + 37 - 127. Suppose -y = 9*p - 12*p. What are the prime factors of p?
2, 3
Let m(v) = v**3 - 7*v**2 - 6*v + 8. Suppose 3 = o + 7. Let b be 1*(4 - 16/o). What are the prime factors of m(b)?
2, 3
Let i = 2765 + -1073. What are the prime factors of i?
2, 3, 47
Let w(z) = z**3 + 6*z**2 - 7*z - 8. Let i be w(-7). Let a be 24/i - 7*-1. Suppose 2*b = a*s - 166, -24 = -s - b - 2*b. What are the prime factors of s?
3, 13
Suppose 5*s + 110 = 5*g, 68 = 3*g - s - s. Let t be ((-63)/(-6))/(3/g). Suppose -z = 4*x - 173, t + 95 = 4*x - z. List the prime factors of x.
2, 11
Suppose 0 = 10*r - 184 - 39126. List the prime factors of r.
3931
Suppose 12*p + 15 = 9*p. Let n be 159/15 + (-2)/p. Suppose n = s - 14. List the prime factors of s.
5
Let q be (-799)/(-3) - (-6)/(-36)*-4. Suppose -q + 7 = -5*r. What are the prime factors of r?
2, 13
Let b = -399 + 1165. List the prime factors of b.
2, 383
Let r be 597/(-12) - (-2)/(-8). Let z(f) = 3*f**2 - 7*f - 39. Let h be z(-5). Let w = h + r. List the prime factors of w.
3, 7
Let j = 983 - 530. List the prime factors of j.
3, 151
What are the prime factors of (-81)/(-648) + (-1)/((-16)/8622)?
7, 11
Let j(k) = 15*k**2 + 6*k - 178. List the prime factors of j(10).
2, 691
Let y(m) = 5*m - 1. Let v be y(1). Suppose -16 = -k - v. What are the prime factors of k?
2, 3
Suppose 0 = 3*u + 12, 16 = 3*f + 2*u + 6. Suppose -3 = 3*v + f. Let z = v - -5. What are the prime factors of z?
2
Let d = -2636 + 4491. What are the prime factors of d?
5, 7, 53
Suppose -5 + 65 = -2*s. What are the prime factors of s/45 - 16/(-6)?
2
Let w(p) = p**2 + 20. Suppose -x + 2*q = 3*x, 0 = -2*x - q. Suppose 2*o - 2*v - 2 = 0, x + 2 = -2*v. What are the prime factors of w(o)?
2, 5
Suppose 8*w + 5*j - 3514 = 7*w, -2*w = -5*j - 7028. What are the prime factors of w?
2, 7, 251
Suppose 0 + 1 = 3*v + 5*l, -5*l + 13 = -v. List the prime factors of (2 - 88)/(6/v).
43
Suppose 0 = -4*y + 1 + 7. Suppose y*d + d - 321 = -4*r, 0 = 3*d + 2*r - 327. List the prime factors of d.
3, 37
Suppose -5*t = 5*f - 4480, 3001 = 4*f - 4*t - 599. What are the prime factors of f?
2, 449
Let l be (-1 - (1 + -4)) + -14. Let f be -15*(-5)/(20/l). Let w = -16 - f. What are the prime factors of w?
29
Let h be 3*(-1)/(3/15). What are the prime factors of (-3)/(h/(-235))*-3?
3, 47
Suppose 0 = -q - 2*k + 535, 3*q - 2*k - 1581 = -0*k. List the prime factors of q.
23
Let p(h) = -h**2 - 4*h + 1. Let t be p(-5). Let v(n) = -n**2 - 6*n + 1. Let l be v(-5). Let q = l + t. List the prime factors of q.
2
Let a be 3/5 + (-2994)/15. Let f = 104 + a. Let l = -34 - f. List the prime factors of l.
61
Suppose 3*p + 2*j - 10357 = 0, 3*p - 11140 + 788 = -j. List the prime factors of p.
3449
Suppose 73*j + 2504 = 75*j. List the prime factors of j.
2, 313
Suppose 2*n - 5*u + 230 = 3*n, -5*u = -3*n + 770. Suppose 3*o + 3*z - 750 = 0, -z - n + 1256 = 4*o. Suppose g = -5*g + o. List the prime factors of g.
2, 3, 7
Suppose j + 18 = -5*y, 2*y + 12 = -y. Suppose -j = 3*s + 19. What are the prime factors of (-80)/(-14) - 2/s?
2, 3
Let v(d) = -3*d**3 + 8*d**2 + 8*d + 48. What are the prime factors of v(-9)?
3, 937
Let z(n) = -121*n + 27. What are the prime factors of z(-6)?
3, 251
Suppose 3*l = 5*l + 5*f - 6965, 5*l + 3*f = 17422. What are the prime factors of l?
5, 17, 41
Suppose 3*r = -2*j + 3, 4*r + 1 - 12 = -5*j. Let b be 4 + (-1 - -11)*r. Let n(w) = w + 20. What are the prime factors of n(b)?
2, 7
Let i(g) = 10*g**2 + 16*g - 143. What are the prime factors of i(9)?
811
Let s = -14 + 19. Suppose -t - 2*n = -n + 32, s*n + 52 = -2*t. List the prime factors of (-33)/(-2)*t/(-27).
2, 11
Let c be ((-25)/(-10))/(2/(-8)). Let z be (-2)/c*5 - -3. Suppose -z*j = 2*j - 162. List the prime factors of j.
3
Suppose o = -3*o + 16. Suppose -o*a = -0*a - d - 469, 3*d - 481 = -4*a. Suppose 5*y - a + 28 = 0. What are the prime factors of y?
2, 3
Let n(s) = s**2 + 24. Let m be n(0). Let f(t) = t**3 + 5*t**2 - 6*t + 1. Let z be f(-6). Let v = m - z. List the prime factors of v.
23
List the prime factors of 2/6 + ((-32627)/(-21) - 7).
7, 13, 17
Let j(y) = y**3 + 8*y**2 + 8*y + 9. Let q be j(-7). Let l(h) = 9*h**3 - 1. What are the prime factors of l(q)?
71
Let n(w) = 2 + 3 + 55*w + 8 - 12. What are the prime factors of n(3)?
2, 83
Let v = -2123 - -3749. What are the prime factors of v?
2, 3, 271
Let i = 2353 + -1374. List the prime factors of i.
11, 89
Let i(v) = 60*v**2 + 3. Let d(k) = -30*k**2 - 2. Let s(p) = 5*d(p) + 3*i(p). Let c(n) = -9*n - 1. Let h be c(0). What are the prime factors of s(h)?
29
Let p = -18 - -94. Suppose 5*v + p - 396 = 0. What are the prime factors of v?
2
Let l(h) = h**3 + 7*h**2 - 4*h + 1. Suppose -v - 3 = -2*k, -k - 16 = -3*v - 0*v. Suppose -v - 7 = 2*g. What are the prime factors of l(g)?
29
Let h = -333 + 2365. What are the prime factors of h?
2, 127
Let g(y) be the first derivative of y**4/4 - 2*y**2 + 3*y - 11. Let f be g(3). Suppose -4*q = -f - 86. List the prime factors of q.
2, 13
Suppose -3*m + 2*t + 13528 = 0, -15178 = -4*m + 4*t + 2866. List the prime factors of m.
2, 3, 751
Let x = -1707 + 2436. List the prime factors of x.
3
Let j = 23 + -43. List the prime factors of 1 + -2 + 3 - j.
2, 11
Suppose 0 = s + 5*o + 30, 3*s = -2*s - 2*o - 35. What are the prime factors of (-7)/2*s + 9/(-6)?
2
Suppose 3459 = 2*h + z, z = -4*h - 0*z + 6915. List the prime factors of h.
2, 3
Suppose -33*u + 39*u = 2694. Let n = u - 230. What are the prime factors of n?
3, 73
Suppose 4*m - 3*y - 11856 = 0, -3*m + 7109 + 1780 = -3*y. List the prime factors of m.
3, 23, 43
Let s(d) = -2*d + 3. Let r(l) = 2*l - 2. Let p(m) = 4*r(m) + 5*s(m). Let u be p(7). Let j(z) = -3*z - 8. What are the prime factors of j(u)?
13
Let r = 3 + -3. Suppose r = d - 2*q - 17, -7*q + 3*q + 41 = 3*d. List the prime factors of d.
3, 5
Let r = -17 + 28. Let k(b) = 5*b - 1. What are the prime factors of k(r)?
2, 3
Let f(l) = 2*l**2 + 12*l + 4762. What are the prime factors of f(0)?
2, 2381
Suppose 3*y - 8 = -3*g + 5*g, -4*y + g = -14. Suppose -b - 2 = -y. Suppose -3*i = b*i - 5*a - 145, -52 = -3*i - 4*a. List the prime factors of i.
2, 3
Let z(t) = -4*t**2 + 7*t**2 + 2*t - t. Let h be (-1)/4 - (-18)/8. What are the prime factors of z(h)?
2, 7
Suppose 7*b - 10*b + 33 = 0. Let o(w) = w**2 + w + 2. Let c be o(4). Let s = c - b. What are the prime factors of s?
11
Suppose -20 + 85 = r. Let v be 2*(r/10 - 4). Suppose 6*o - 2*n = 2*o + 24, -v*n = -5*o + 20. What are the prime factors of o?
2
Let j(l) be the first derivative of -l**4/4 + 4*l**3/3 - 3*l**2/2 + l + 5. Let t be j(2). List the prime factors of (2 - t) + 1 + 29.
29
Let a(d) = 10*d**2 + 2 + 2 + 8 + 0*d - 10*d. List the prime factors of a(5).
2, 53
Suppose 19*t + 13*t = 160. Let n be 0 - -1*(-1 - -4). Suppose -8 = -h - n*s + 17, -2*h = t*s - 49. What are the prime factors of h?
2, 11
Let n = -3510 + 5633. List the prime factors of n.
11, 193
Let h be (-1064)/(-77) + 6/33. What are the prime factors of (68/h)/((-4)/(-28))?
2, 17
Suppose -9*c = -12*c - 12. Let m = 0 - c. What are the prime factors of m/(24/(-57))*-2?
19
Let g(f) = -f**2 + f + 1. Let d(a) = -45*a**2 + 11*a + 7. Let j(w) = -d(w) + 3*g(w). What are the prime factors of j(3)?
2, 5, 7
Let u(x) = 12*x**2 - 5*x + 22. List the prime factors of u(5).
3, 11
Let d(z) = -z**2 + 11*z - 33. Let s be d(6). Let q(g) = 19*g**2 + 5*g. What are the prime factors of q(s)?
2, 3, 13
Let v = 111 - 108. Suppose 8*y - v*y - 795 = 0. List the prime factors of y.
3, 53
Suppose -4*w + 2*l = -w + 344, 0 = -5*w + 3*l - 572. Let c = w + 174. What are the prime factors of c?
2, 31
Let v(z) = 22*z**3 - 6*z**2 + 6*z - 4. List the prime factors of v(5).
2, 13, 101
Suppose 6*f = 5*f + 3. Let u(n) = -2*n - 6. Let a be u(-4). Suppose 57 = f*j + 3*m, j = -3*m + a + 13. List the prime factors of j.
3, 7
Let d = 72 - 70. What are the prime factors of (-4292)/(-20) + d/5?
5, 43
Suppose 34 = -4*t + 2*b, t = 5*b - 0*b - 31. Let v be ((-62)/t)/(2/6). What are the prime factors of (v - 3)*(-2)/(-4)?
2, 7
Let p(d) = -d**2 - 5*d + 12. Let c be p(-6). What are the prime fa